{"id":40,"date":"2025-02-14T11:51:46","date_gmt":"2025-02-14T10:51:46","guid":{"rendered":"https:\/\/districtecultural.vilademuro.net\/?page_id=40"},"modified":"2025-02-14T13:53:23","modified_gmt":"2025-02-14T12:53:23","slug":"transforma","status":"publish","type":"page","link":"https:\/\/districtecultural.vilademuro.net\/?page_id=40","title":{"rendered":"Transforma"},"content":{"rendered":"\n<div class=\"wp-block-group alignfull has-global-padding is-layout-constrained wp-container-core-group-is-layout-0c9c989a wp-block-group-is-layout-constrained\" style=\"min-height:0vh;margin-top:0;margin-bottom:0;padding-top:var(--wp--preset--spacing--70);padding-right:var(--wp--preset--spacing--40);padding-bottom:var(--wp--preset--spacing--70);padding-left:var(--wp--preset--spacing--40)\">\n<div class=\"wp-block-group has-global-padding is-layout-constrained wp-container-core-group-is-layout-346627ba wp-block-group-is-layout-constrained\">\n<h2 class=\"wp-block-heading has-text-align-center has-xx-large-font-size\" style=\"margin-right:0;margin-left:0;padding-right:0;padding-left:0\">21 ACCIONS INICIALS A CURT TERMINI PER A TRANSFORMAR EL CONTEXT SOCIAL, URB\u00c0, CULTURAL I NATURAL DE MURO:<\/h2>\n<\/div>\n<\/div>\n\n\n\n<div class=\"wp-block-group alignfull is-style-section-3 has-global-padding is-layout-constrained wp-block-group-is-layout-constrained is-style-section-3--1\" style=\"margin-top:0;margin-bottom:0;padding-top:var(--wp--preset--spacing--50);padding-bottom:var(--wp--preset--spacing--50)\">\n<div class=\"wp-block-group alignwide has-global-padding is-layout-constrained wp-block-group-is-layout-constrained\">\n<figure class=\"wp-block-image alignwide size-full\"><img loading=\"lazy\" decoding=\"async\" width=\"1920\" height=\"1080\" src=\"https:\/\/districtecultural.vilademuro.net\/wp-content\/uploads\/2025\/02\/Muro-Districte-cultural-4.png\" alt=\"\" class=\"wp-image-74\" srcset=\"https:\/\/districtecultural.vilademuro.net\/wp-content\/uploads\/2025\/02\/Muro-Districte-cultural-4.png 1920w, https:\/\/districtecultural.vilademuro.net\/wp-content\/uploads\/2025\/02\/Muro-Districte-cultural-4-300x169.png 300w, https:\/\/districtecultural.vilademuro.net\/wp-content\/uploads\/2025\/02\/Muro-Districte-cultural-4-1024x576.png 1024w, https:\/\/districtecultural.vilademuro.net\/wp-content\/uploads\/2025\/02\/Muro-Districte-cultural-4-768x432.png 768w, https:\/\/districtecultural.vilademuro.net\/wp-content\/uploads\/2025\/02\/Muro-Districte-cultural-4-1536x864.png 1536w\" sizes=\"auto, (max-width: 1920px) 100vw, 1920px\" \/><\/figure>\n\n\n\n<div class=\"wp-block-group alignfull is-layout-flow wp-block-group-is-layout-flow\">\n<p class=\"has-text-align-left\"><\/p>\n<\/div>\n<\/div>\n<\/div>\n\n\n\n<div class=\"wp-block-group alignfull is-style-section-3 has-global-padding is-layout-constrained wp-block-group-is-layout-constrained is-style-section-3--2\" style=\"margin-top:0;margin-bottom:0;padding-top:var(--wp--preset--spacing--50);padding-bottom:var(--wp--preset--spacing--50)\">\n<div class=\"wp-block-group alignwide has-global-padding is-layout-constrained wp-block-group-is-layout-constrained\">\n<figure class=\"wp-block-image alignwide size-full\"><img loading=\"lazy\" decoding=\"async\" width=\"1920\" height=\"1080\" src=\"https:\/\/districtecultural.vilademuro.net\/wp-content\/uploads\/2025\/02\/Muro-Districte-cultural-5.png\" alt=\"\" class=\"wp-image-75\" srcset=\"https:\/\/districtecultural.vilademuro.net\/wp-content\/uploads\/2025\/02\/Muro-Districte-cultural-5.png 1920w, https:\/\/districtecultural.vilademuro.net\/wp-content\/uploads\/2025\/02\/Muro-Districte-cultural-5-300x169.png 300w, https:\/\/districtecultural.vilademuro.net\/wp-content\/uploads\/2025\/02\/Muro-Districte-cultural-5-1024x576.png 1024w, https:\/\/districtecultural.vilademuro.net\/wp-content\/uploads\/2025\/02\/Muro-Districte-cultural-5-768x432.png 768w, https:\/\/districtecultural.vilademuro.net\/wp-content\/uploads\/2025\/02\/Muro-Districte-cultural-5-1536x864.png 1536w\" sizes=\"auto, (max-width: 1920px) 100vw, 1920px\" \/><\/figure>\n\n\n\n<div class=\"wp-block-group alignfull is-layout-flow wp-block-group-is-layout-flow\">\n<p class=\"has-text-align-left\"><\/p>\n<\/div>\n<\/div>\n\n\n\n<div class=\"wp-block-group alignfull is-style-section-3 has-global-padding is-layout-constrained wp-block-group-is-layout-constrained is-style-section-3--3\" style=\"margin-top:0;margin-bottom:0;padding-top:var(--wp--preset--spacing--50);padding-bottom:var(--wp--preset--spacing--50)\">\n<div class=\"wp-block-group alignwide has-global-padding is-layout-constrained wp-block-group-is-layout-constrained\">\n<figure class=\"wp-block-image alignwide size-full\"><img loading=\"lazy\" decoding=\"async\" width=\"1920\" height=\"1080\" src=\"https:\/\/districtecultural.vilademuro.net\/wp-content\/uploads\/2025\/02\/Muro-Districte-cultural-6.png\" alt=\"\" class=\"wp-image-76\" srcset=\"https:\/\/districtecultural.vilademuro.net\/wp-content\/uploads\/2025\/02\/Muro-Districte-cultural-6.png 1920w, https:\/\/districtecultural.vilademuro.net\/wp-content\/uploads\/2025\/02\/Muro-Districte-cultural-6-300x169.png 300w, https:\/\/districtecultural.vilademuro.net\/wp-content\/uploads\/2025\/02\/Muro-Districte-cultural-6-1024x576.png 1024w, https:\/\/districtecultural.vilademuro.net\/wp-content\/uploads\/2025\/02\/Muro-Districte-cultural-6-768x432.png 768w, https:\/\/districtecultural.vilademuro.net\/wp-content\/uploads\/2025\/02\/Muro-Districte-cultural-6-1536x864.png 1536w\" sizes=\"auto, (max-width: 1920px) 100vw, 1920px\" \/><\/figure>\n\n\n\n<div class=\"wp-block-group alignfull is-layout-flow wp-block-group-is-layout-flow\">\n<p class=\"has-text-align-left\"><\/p>\n<\/div>\n<\/div>\n<\/div>\n<\/div>\n\n\n\n<div class=\"wp-block-group alignfull has-global-padding is-layout-constrained wp-container-core-group-is-layout-ebee8dc1 wp-block-group-is-layout-constrained\" style=\"margin-top:0;margin-bottom:0;padding-top:var(--wp--preset--spacing--50);padding-bottom:var(--wp--preset--spacing--50)\">\n<h2 class=\"wp-block-heading alignwide\">SUPEROBJECTIUS<\/h2>\n\n\n\n<div class=\"wp-block-columns alignwide is-layout-flex wp-container-core-columns-is-layout-28f84493 wp-block-columns-is-layout-flex\">\n<div class=\"wp-block-column is-layout-flow wp-block-column-is-layout-flow\">\n<figure class=\"wp-block-image size-full\" style=\"margin-bottom:24px\"><img loading=\"lazy\" decoding=\"async\" width=\"2000\" height=\"2000\" src=\"https:\/\/districtecultural.vilademuro.net\/wp-content\/uploads\/2025\/02\/Diseno-sin-titulo-2.jpg\" alt=\"\" class=\"wp-image-77\" style=\"aspect-ratio:4\/3;object-fit:cover\" srcset=\"https:\/\/districtecultural.vilademuro.net\/wp-content\/uploads\/2025\/02\/Diseno-sin-titulo-2.jpg 2000w, https:\/\/districtecultural.vilademuro.net\/wp-content\/uploads\/2025\/02\/Diseno-sin-titulo-2-300x300.jpg 300w, https:\/\/districtecultural.vilademuro.net\/wp-content\/uploads\/2025\/02\/Diseno-sin-titulo-2-1024x1024.jpg 1024w, https:\/\/districtecultural.vilademuro.net\/wp-content\/uploads\/2025\/02\/Diseno-sin-titulo-2-150x150.jpg 150w, https:\/\/districtecultural.vilademuro.net\/wp-content\/uploads\/2025\/02\/Diseno-sin-titulo-2-768x768.jpg 768w, https:\/\/districtecultural.vilademuro.net\/wp-content\/uploads\/2025\/02\/Diseno-sin-titulo-2-1536x1536.jpg 1536w\" sizes=\"auto, (max-width: 2000px) 100vw, 2000px\" \/><\/figure>\n\n\n\n<h3 class=\"wp-block-heading\">RECUPERACI\u00d3 INTEGRAL DE L&#8217;EDIFICI &#8216;LES CAIXETES&#8217;<\/h3>\n\n\n\n<p class=\"has-medium-font-size\">L&#8217;antiga f\u00e0brica de Cartonatges Matarredona (1921), popularment anomenada de \u201cLes Caixetes\u201d, \u00e9s actualment de propietat municipal. El seu grau de deteriorament i imminent ru\u00efna obliga l&#8217;Ajuntament a emprendre una s\u00e8rie d&#8217;actuacions per al seu manteniment i recuperaci\u00f3.<br>\u00c9s ac\u00ed on s\u2019obri una oportunitat per a que la recuperaci\u00f3 d\u2019aquest edifici esdevinga un Centre de Formaci\u00f3 i Difusi\u00f3 de les Arts, la Comunicaci\u00f3 i el Medi Ambient que aporte un nou valor innovador de formaci\u00f3 i emprenedoria, tot esdevenint un hub d\u2019idees, de propostes, d\u2019iniciatives i tamb\u00e9 d\u2019espais on poder posar en valor tot el llegat patrimonial de car\u00e0cter cultural que t\u00e9 Muro i gaudir de la cultura.<br>Amb la recuperaci\u00f3 de \u201cLes Caixetes\u201d es recuperaria un element arquitect\u00f2nic, paisatg\u00edstic, cultural i social del patrimoni industrial murer, a m\u00e9s, permetria cobrir les necessitats culturals i obriria un nou n\u00ednxol de possibilitats de formaci\u00f3 i atracci\u00f3 de riquesa al municipi basada en l\u2019economia taronja.<\/p>\n\n\n\n<p class=\"has-medium-font-size\"><\/p>\n<\/div>\n\n\n\n<div class=\"wp-block-column is-layout-flow wp-block-column-is-layout-flow\">\n<figure class=\"wp-block-image size-full\" style=\"margin-bottom:24px\"><img loading=\"lazy\" decoding=\"async\" width=\"2000\" height=\"2000\" src=\"https:\/\/districtecultural.vilademuro.net\/wp-content\/uploads\/2025\/02\/Diseno-sin-titulo-3.jpg\" alt=\"\" class=\"wp-image-78\" style=\"aspect-ratio:4\/3;object-fit:cover\" srcset=\"https:\/\/districtecultural.vilademuro.net\/wp-content\/uploads\/2025\/02\/Diseno-sin-titulo-3.jpg 2000w, https:\/\/districtecultural.vilademuro.net\/wp-content\/uploads\/2025\/02\/Diseno-sin-titulo-3-300x300.jpg 300w, https:\/\/districtecultural.vilademuro.net\/wp-content\/uploads\/2025\/02\/Diseno-sin-titulo-3-1024x1024.jpg 1024w, https:\/\/districtecultural.vilademuro.net\/wp-content\/uploads\/2025\/02\/Diseno-sin-titulo-3-150x150.jpg 150w, https:\/\/districtecultural.vilademuro.net\/wp-content\/uploads\/2025\/02\/Diseno-sin-titulo-3-768x768.jpg 768w, https:\/\/districtecultural.vilademuro.net\/wp-content\/uploads\/2025\/02\/Diseno-sin-titulo-3-1536x1536.jpg 1536w\" sizes=\"auto, (max-width: 2000px) 100vw, 2000px\" \/><\/figure>\n\n\n\n<h3 class=\"wp-block-heading\">CREACI\u00d3 D&#8217;UNA XARXA DE CORREDORS VERDS URBANS I INTERURBANS<\/h3>\n\n\n\n<p class=\"has-medium-font-size\">Els corredors verds urbans s\u00f3n una estrat\u00e8gia clau per crear ciutats m\u00e9s sostenibles, resilients i habitables, combinant beneficis ambientals, socials i econ\u00f2mics.<br>Muro necessita millorar el seu paisatge urb\u00e0 connectant totes les \u00e0rees urbanes i dinamitzant<br>el seu nucli hist\u00f2ric tradicional. Els corredors verds interconnectats poden ser una soluci\u00f3 per a la cohesi\u00f3 urbana, la millora de l\u2019entorn i la posada en valor del patrimoni cultural i<br>mediambiental.<\/p>\n\n\n\n<p class=\"has-medium-font-size\"><\/p>\n<\/div>\n\n\n\n<div class=\"wp-block-column is-layout-flow wp-block-column-is-layout-flow\">\n<figure class=\"wp-block-image size-full\" style=\"margin-bottom:24px\"><img loading=\"lazy\" decoding=\"async\" width=\"2000\" height=\"2000\" src=\"https:\/\/districtecultural.vilademuro.net\/wp-content\/uploads\/2025\/02\/Diseno-sin-titulo-4.jpg\" alt=\"\" class=\"wp-image-79\" style=\"aspect-ratio:4\/3;object-fit:cover\" srcset=\"https:\/\/districtecultural.vilademuro.net\/wp-content\/uploads\/2025\/02\/Diseno-sin-titulo-4.jpg 2000w, https:\/\/districtecultural.vilademuro.net\/wp-content\/uploads\/2025\/02\/Diseno-sin-titulo-4-300x300.jpg 300w, https:\/\/districtecultural.vilademuro.net\/wp-content\/uploads\/2025\/02\/Diseno-sin-titulo-4-1024x1024.jpg 1024w, https:\/\/districtecultural.vilademuro.net\/wp-content\/uploads\/2025\/02\/Diseno-sin-titulo-4-150x150.jpg 150w, https:\/\/districtecultural.vilademuro.net\/wp-content\/uploads\/2025\/02\/Diseno-sin-titulo-4-768x768.jpg 768w, https:\/\/districtecultural.vilademuro.net\/wp-content\/uploads\/2025\/02\/Diseno-sin-titulo-4-1536x1536.jpg 1536w\" sizes=\"auto, (max-width: 2000px) 100vw, 2000px\" \/><\/figure>\n\n\n\n<h3 class=\"wp-block-heading\">RECONSTRUINT EL MURO NEOCL\u00c0SSIC I ACADEMICISTA<\/h3>\n\n\n\n<p class=\"has-medium-font-size\">El per\u00edode Academicista i Neocl\u00e0ssic a Muro suposa una de les etapes hist\u00f2riques de m\u00e9s esplendor del poble. Les intervencions paisatj\u00edstiques i urbanes de la primera meitat del segle XIX a Muro suposaren la renovaci\u00f3 d\u2019una part dels elements m\u00e9s simb\u00f2lics de la poblaci\u00f3 i ara es presenten com una oportunitat per a dotar al municipi d\u2019un nou relat innovador i posicionador. El Neocl\u00e0ssic alcan\u00e7a tot el seu esplendor a Muro amb la realitzaci\u00f3 de les pintures murals de Miguel Parra, considerades pels estudiosos un dels conjunts pict\u00f2rics m\u00e9s desconeguts i alhora m\u00e9s importants del per\u00edode Neocl\u00e0ssic a l\u2019Estat espanyol per la seua t\u00e8cnica pict\u00f2rica i cromatisme.<\/p>\n<\/div>\n<\/div>\n\n\n\n<div class=\"wp-block-group alignfull has-global-padding is-layout-constrained wp-container-core-group-is-layout-ebee8dc1 wp-block-group-is-layout-constrained\" style=\"margin-top:0;margin-bottom:0;padding-top:var(--wp--preset--spacing--50);padding-bottom:var(--wp--preset--spacing--50)\">\n<div class=\"wp-block-columns alignwide is-layout-flex wp-container-core-columns-is-layout-28f84493 wp-block-columns-is-layout-flex\">\n<div class=\"wp-block-column is-layout-flow wp-block-column-is-layout-flow\">\n<figure class=\"wp-block-image size-full\" style=\"margin-bottom:24px\"><img loading=\"lazy\" decoding=\"async\" width=\"2000\" height=\"2000\" src=\"https:\/\/districtecultural.vilademuro.net\/wp-content\/uploads\/2025\/02\/Diseno-sin-titulo-5.jpg\" alt=\"\" class=\"wp-image-80\" style=\"aspect-ratio:4\/3;object-fit:cover\" srcset=\"https:\/\/districtecultural.vilademuro.net\/wp-content\/uploads\/2025\/02\/Diseno-sin-titulo-5.jpg 2000w, https:\/\/districtecultural.vilademuro.net\/wp-content\/uploads\/2025\/02\/Diseno-sin-titulo-5-300x300.jpg 300w, https:\/\/districtecultural.vilademuro.net\/wp-content\/uploads\/2025\/02\/Diseno-sin-titulo-5-1024x1024.jpg 1024w, https:\/\/districtecultural.vilademuro.net\/wp-content\/uploads\/2025\/02\/Diseno-sin-titulo-5-150x150.jpg 150w, https:\/\/districtecultural.vilademuro.net\/wp-content\/uploads\/2025\/02\/Diseno-sin-titulo-5-768x768.jpg 768w, https:\/\/districtecultural.vilademuro.net\/wp-content\/uploads\/2025\/02\/Diseno-sin-titulo-5-1536x1536.jpg 1536w\" sizes=\"auto, (max-width: 2000px) 100vw, 2000px\" \/><\/figure>\n\n\n\n<h3 class=\"wp-block-heading\">URBANITZACI\u00d3 I PROMOCI\u00d3 DEL S\u00d2L INDUSTRIAL PER A EMPRESES SOSTENIBLES<\/h3>\n\n\n\n<p class=\"has-medium-font-size\">Como las flores que florecen en lugares inesperados, cada historia se desarrolla con belleza y resistencia<\/p>\n<\/div>\n\n\n\n<div class=\"wp-block-column is-layout-flow wp-block-column-is-layout-flow\">\n<figure class=\"wp-block-image size-full\" style=\"margin-bottom:24px\"><img loading=\"lazy\" decoding=\"async\" width=\"2000\" height=\"2000\" src=\"https:\/\/districtecultural.vilademuro.net\/wp-content\/uploads\/2025\/02\/Diseno-sin-titulo-10.jpg\" alt=\"\" class=\"wp-image-82\" style=\"aspect-ratio:4\/3;object-fit:cover\" srcset=\"https:\/\/districtecultural.vilademuro.net\/wp-content\/uploads\/2025\/02\/Diseno-sin-titulo-10.jpg 2000w, https:\/\/districtecultural.vilademuro.net\/wp-content\/uploads\/2025\/02\/Diseno-sin-titulo-10-300x300.jpg 300w, https:\/\/districtecultural.vilademuro.net\/wp-content\/uploads\/2025\/02\/Diseno-sin-titulo-10-1024x1024.jpg 1024w, https:\/\/districtecultural.vilademuro.net\/wp-content\/uploads\/2025\/02\/Diseno-sin-titulo-10-150x150.jpg 150w, https:\/\/districtecultural.vilademuro.net\/wp-content\/uploads\/2025\/02\/Diseno-sin-titulo-10-768x768.jpg 768w, https:\/\/districtecultural.vilademuro.net\/wp-content\/uploads\/2025\/02\/Diseno-sin-titulo-10-1536x1536.jpg 1536w\" sizes=\"auto, (max-width: 2000px) 100vw, 2000px\" \/><\/figure>\n\n\n\n<h3 class=\"wp-block-heading\">MURO CAP A UNA STREET ART CITY<\/h3>\n\n\n\n<p class=\"has-medium-font-size\">Como las flores que florecen en lugares inesperados, cada historia se desarrolla con belleza y resistencia<\/p>\n<\/div>\n\n\n\n<div class=\"wp-block-column is-layout-flow wp-block-column-is-layout-flow\">\n<figure class=\"wp-block-image size-full\" style=\"margin-bottom:24px\"><img loading=\"lazy\" decoding=\"async\" width=\"2000\" height=\"2000\" src=\"https:\/\/districtecultural.vilademuro.net\/wp-content\/uploads\/2025\/02\/Diseno-sin-titulo-6.jpg\" alt=\"\" class=\"wp-image-81\" style=\"aspect-ratio:4\/3;object-fit:cover\" srcset=\"https:\/\/districtecultural.vilademuro.net\/wp-content\/uploads\/2025\/02\/Diseno-sin-titulo-6.jpg 2000w, https:\/\/districtecultural.vilademuro.net\/wp-content\/uploads\/2025\/02\/Diseno-sin-titulo-6-300x300.jpg 300w, https:\/\/districtecultural.vilademuro.net\/wp-content\/uploads\/2025\/02\/Diseno-sin-titulo-6-1024x1024.jpg 1024w, https:\/\/districtecultural.vilademuro.net\/wp-content\/uploads\/2025\/02\/Diseno-sin-titulo-6-150x150.jpg 150w, https:\/\/districtecultural.vilademuro.net\/wp-content\/uploads\/2025\/02\/Diseno-sin-titulo-6-768x768.jpg 768w, https:\/\/districtecultural.vilademuro.net\/wp-content\/uploads\/2025\/02\/Diseno-sin-titulo-6-1536x1536.jpg 1536w\" sizes=\"auto, (max-width: 2000px) 100vw, 2000px\" \/><\/figure>\n\n\n\n<h3 class=\"wp-block-heading\">INTEGRAR LA RECUPERACI\u00d3 DEL PAISATGE I ENTORN NATURAL EN LA VIDA QUOTIDIANA DE MURO<\/h3>\n\n\n\n<p class=\"has-medium-font-size\">Como las flores que florecen en lugares inesperados, cada historia se desarrolla con belleza y resistencia<\/p>\n<\/div>\n<\/div>\n<\/div>\n\n\n\n<aside class=\"wp-block-group alignfull is-style-section-3 has-global-padding is-layout-constrained wp-container-core-group-is-layout-f0f2a97b wp-block-group-is-layout-constrained is-style-section-3--4\" style=\"margin-top:0;margin-bottom:0;padding-top:var(--wp--preset--spacing--50);padding-right:var(--wp--preset--spacing--50);padding-bottom:var(--wp--preset--spacing--50);padding-left:var(--wp--preset--spacing--50)\">\n<div class=\"wp-block-group is-vertical is-content-justification-center is-layout-flex wp-container-core-group-is-layout-8778ca4a wp-block-group-is-layout-flex\" style=\"min-height:360px;margin-top:0;margin-bottom:0\">\n<h2 class=\"wp-block-heading has-text-align-center has-xx-large-font-size\">Participa de la transformaci\u00f3<\/h2>\n\n\n\n<p class=\"has-text-align-center is-style-text-subtitle is-style-text-subtitle--5\">Ompli el formulari que trobar\u00e0s a la p\u00e0gina de \u00abParticipa\u00bb<\/p>\n\n\n\n<div style=\"height:0px\" aria-hidden=\"true\" class=\"wp-block-spacer wp-container-content-62aae154\"><\/div>\n\n\n\n<div class=\"wp-block-buttons is-content-justification-center is-layout-flex wp-container-core-buttons-is-layout-a89b3969 wp-block-buttons-is-layout-flex\">\n<div class=\"wp-block-button\"><a class=\"wp-block-button__link has-text-align-center wp-element-button\">Ompli el formulari de participaci\u00f3<\/a><\/div>\n<\/div>\n<\/div>\n<\/aside>\n<\/div>\n\n\n\n<p><\/p>\n","protected":false},"excerpt":{"rendered":"<p>21 ACCIONS INICIALS A CURT TERMINI PER A TRANSFORMAR EL CONTEXT SOCIAL, URB\u00c0, CULTURAL I NATURAL DE MURO: SUPEROBJECTIUS RECUPERACI\u00d3 INTEGRAL DE L&#8217;EDIFICI &#8216;LES CAIXETES&#8217; L&#8217;antiga f\u00e0brica de Cartonatges Matarredona (1921), popularment anomenada de \u201cLes Caixetes\u201d, \u00e9s actualment de propietat municipal. El seu grau de deteriorament i imminent ru\u00efna obliga l&#8217;Ajuntament a emprendre una s\u00e8rie [&hellip;]<\/p>\n","protected":false},"author":2,"featured_media":0,"parent":0,"menu_order":2,"comment_status":"closed","ping_status":"closed","template":"","meta":{"footnotes":""},"class_list":["post-40","page","type-page","status-publish","hentry"],"_links":{"self":[{"href":"https:\/\/districtecultural.vilademuro.net\/index.php?rest_route=\/wp\/v2\/pages\/40","targetHints":{"allow":["GET"]}}],"collection":[{"href":"https:\/\/districtecultural.vilademuro.net\/index.php?rest_route=\/wp\/v2\/pages"}],"about":[{"href":"https:\/\/districtecultural.vilademuro.net\/index.php?rest_route=\/wp\/v2\/types\/page"}],"author":[{"embeddable":true,"href":"https:\/\/districtecultural.vilademuro.net\/index.php?rest_route=\/wp\/v2\/users\/2"}],"replies":[{"embeddable":true,"href":"https:\/\/districtecultural.vilademuro.net\/index.php?rest_route=%2Fwp%2Fv2%2Fcomments&post=40"}],"version-history":[{"count":4,"href":"https:\/\/districtecultural.vilademuro.net\/index.php?rest_route=\/wp\/v2\/pages\/40\/revisions"}],"predecessor-version":[{"id":84,"href":"https:\/\/districtecultural.vilademuro.net\/index.php?rest_route=\/wp\/v2\/pages\/40\/revisions\/84"}],"wp:attachment":[{"href":"https:\/\/districtecultural.vilademuro.net\/index.php?rest_route=%2Fwp%2Fv2%2Fmedia&parent=40"}],"curies":[{"name":"wp","href":"https:\/\/api.w.org\/{rel}","templated":true}]}}